{"id":6141,"date":"2025-09-02T13:27:59","date_gmt":"2025-09-02T18:27:59","guid":{"rendered":"https:\/\/fundaciondones.org\/inicio\/?page_id=6141"},"modified":"2025-11-05T21:18:49","modified_gmt":"2025-11-06T02:18:49","slug":"aquabyte","status":"publish","type":"page","link":"https:\/\/fundaciondones.org\/inicio\/aquabyte\/","title":{"rendered":"Aquabyte"},"content":{"rendered":"\t\t<div data-elementor-type=\"wp-page\" data-elementor-id=\"6141\" class=\"elementor elementor-6141\" data-elementor-post-type=\"page\">\n\t\t\t\t\t\t<section class=\"elementor-section elementor-top-section elementor-element elementor-element-0f7a1ad elementor-section-boxed elementor-section-height-default elementor-section-height-default\" data-id=\"0f7a1ad\" data-element_type=\"section\">\n\t\t\t\t\t\t<div class=\"elementor-container elementor-column-gap-default\">\n\t\t\t\t\t<div class=\"elementor-column elementor-col-100 elementor-top-column elementor-element elementor-element-ecd8096\" data-id=\"ecd8096\" data-element_type=\"column\">\n\t\t\t<div class=\"elementor-widget-wrap\">\n\t\t\t\t\t\t\t<\/div>\n\t\t<\/div>\n\t\t\t\t\t<\/div>\n\t\t<\/section>\n\t\t\t\t<section class=\"elementor-section elementor-top-section elementor-element elementor-element-69a596d elementor-section-boxed elementor-section-height-default elementor-section-height-default\" data-id=\"69a596d\" data-element_type=\"section\">\n\t\t\t\t\t\t<div class=\"elementor-container elementor-column-gap-default\">\n\t\t\t\t\t<div class=\"elementor-column elementor-col-50 elementor-top-column elementor-element elementor-element-687ddaa\" data-id=\"687ddaa\" data-element_type=\"column\">\n\t\t\t<div class=\"elementor-widget-wrap elementor-element-populated\">\n\t\t\t\t\t\t<div class=\"elementor-element elementor-element-d948099 elementor-widget elementor-widget-image\" data-id=\"d948099\" data-element_type=\"widget\" data-widget_type=\"image.default\">\n\t\t\t\t<div class=\"elementor-widget-container\">\n\t\t\t\t\t\t\t\t\t\t\t\t\t\t\t<img fetchpriority=\"high\" decoding=\"async\" width=\"800\" height=\"800\" src=\"https:\/\/fundaciondones.org\/wp-content\/uploads\/2025\/09\/aquabyte-1024x1024.png\" class=\"attachment-large size-large wp-image-6151\" alt=\"\" srcset=\"https:\/\/fundaciondones.org\/wp-content\/uploads\/2025\/09\/aquabyte-1024x1024.png 1024w, https:\/\/fundaciondones.org\/wp-content\/uploads\/2025\/09\/aquabyte-300x300.png 300w, https:\/\/fundaciondones.org\/wp-content\/uploads\/2025\/09\/aquabyte-150x150.png 150w, https:\/\/fundaciondones.org\/wp-content\/uploads\/2025\/09\/aquabyte-768x768.png 768w, https:\/\/fundaciondones.org\/wp-content\/uploads\/2025\/09\/aquabyte-1536x1536.png 1536w, https:\/\/fundaciondones.org\/wp-content\/uploads\/2025\/09\/aquabyte-2048x2048.png 2048w, https:\/\/fundaciondones.org\/wp-content\/uploads\/2025\/09\/aquabyte-600x600.png 600w, https:\/\/fundaciondones.org\/wp-content\/uploads\/2025\/09\/aquabyte-100x100.png 100w\" sizes=\"(max-width: 800px) 100vw, 800px\" \/>\t\t\t\t\t\t\t\t\t\t\t\t\t\t\t<\/div>\n\t\t\t\t<\/div>\n\t\t\t\t\t<\/div>\n\t\t<\/div>\n\t\t\t\t<div class=\"elementor-column elementor-col-50 elementor-top-column elementor-element elementor-element-b62107a\" data-id=\"b62107a\" data-element_type=\"column\">\n\t\t\t<div class=\"elementor-widget-wrap elementor-element-populated\">\n\t\t\t\t\t\t<div class=\"elementor-element elementor-element-2e88831 elementor-widget elementor-widget-heading\" data-id=\"2e88831\" data-element_type=\"widget\" data-widget_type=\"heading.default\">\n\t\t\t\t<div class=\"elementor-widget-container\">\n\t\t\t\t\t<h2 class=\"elementor-heading-title elementor-size-default\">Aquabyte<\/h2>\t\t\t\t<\/div>\n\t\t\t\t<\/div>\n\t\t\t\t<div class=\"elementor-element elementor-element-9c21c66 elementor-widget elementor-widget-text-editor\" data-id=\"9c21c66\" data-element_type=\"widget\" data-widget_type=\"text-editor.default\">\n\t\t\t\t<div class=\"elementor-widget-container\">\n\t\t\t\t\t\t\t\t\t<p>Programadores biling\u00fces de Tierrabomba. Trabajamos por la transformaci\u00f3n de lo ni\u00f1os y jovenes de Tierrabomba a tr\u00e1ves de la programaci\u00f3n y el ingl\u00e9s, aportando a la construcci\u00f3n de un mejor futuro.<\/p>\t\t\t\t\t\t\t\t<\/div>\n\t\t\t\t<\/div>\n\t\t\t\t<div class=\"elementor-element elementor-element-ebd21c3 elementor-widget elementor-widget-html\" data-id=\"ebd21c3\" data-element_type=\"widget\" data-widget_type=\"html.default\">\n\t\t\t\t<div class=\"elementor-widget-container\">\n\t\t\t\t\t<div style=\"display:flex; justify-content:center; flex-wrap:wrap; gap:20px; margin-top:20px;\">\n  \n  <div style=\"background-color:#f8f9fa; border-radius:10px; box-shadow:0 4px 8px rgba(0,0,0,0.1); width:250px; text-align:center; padding:20px;\">\n    <h2 style=\"font-size:22px; color:#001f3f; margin-bottom:15px;\">Media beca de aquabyte<\/h2>\n    <a href=\"https:\/\/www.mercadopago.com.co\/subscriptions\/checkout\/v2?preapproval_plan_id=6b16311f2abc4a58aac37f1648dff8bb\" target=\"_blank\" class=\"donar-boton\">Donar 150K\/ Mensual<\/a>\n  <\/div>\n\n  <div style=\"background-color:#f8f9fa; border-radius:10px; box-shadow:0 4px 8px rgba(0,0,0,0.1); width:250px; text-align:center; padding:20px;\">\n    <h2 style=\"font-size:22px; color:#001f3f; margin-bottom:15px;\">1 aquabyte<\/h2>\n    <a href=\"https:\/\/www.mercadopago.com.co\/subscriptions\/checkout?preapproval_plan_id=0e6911a9ea8046028ddd9657ea619a13\" target=\"_blank\" class=\"donar-boton\">Donar 300K \/ Mensual<\/a>\n  <\/div>\n\n  <div style=\"background-color:#f8f9fa; border-radius:10px; box-shadow:0 4px 8px rgba(0,0,0,0.1); width:250px; text-align:center; padding:20px;\">\n    <h2 style=\"font-size:22px; color:#001f3f; margin-bottom:15px;\">2 aquabytes<\/h2>\n    <a href=\"https:\/\/www.mercadopago.com.co\/subscriptions\/checkout?preapproval_plan_id=6adb27414eb14581a0e19d9f41f87af5\" target=\"_blank\" class=\"donar-boton\">Donar 600K\/Mensual<\/a>\n  <\/div>\t\t\t\t<\/div>\n\t\t\t\t<\/div>\n\t\t\t\t\t<\/div>\n\t\t<\/div>\n\t\t\t\t\t<\/div>\n\t\t<\/section>\n\t\t\t\t<\/div>\n\t\t","protected":false},"excerpt":{"rendered":"<p>Aquabyte Programadores biling\u00fces de Tierrabomba. Trabajamos por la transformaci\u00f3n de lo ni\u00f1os y jovenes de Tierrabomba a tr\u00e1ves de la programaci\u00f3n y el ingl\u00e9s, aportando a la construcci\u00f3n de un mejor futuro. Media beca de aquabyte Donar 150K\/ Mensual 1 aquabyte Donar 300K \/ Mensual 2 aquabytes Donar 600K\/Mensual<\/p>\n","protected":false},"author":5,"featured_media":0,"parent":0,"menu_order":0,"comment_status":"closed","ping_status":"closed","template":"","meta":{"_joinchat":[],"footnotes":""},"class_list":["post-6141","page","type-page","status-publish","hentry"],"yoast_head":"<!-- This site is optimized with the Yoast SEO plugin v24.2 - https:\/\/yoast.com\/wordpress\/plugins\/seo\/ -->\n<title>Aquabyte - Dones de Misericordia<\/title>\n<meta name=\"description\" content=\"\ud83d\udcbbEn la Isla de Tierrabomba, ni\u00f1os y j\u00f3venes est\u00e1n dando un salto gigante: aprender programaci\u00f3n e ingl\u00e9s para convertirse en programadores biling\u00fces. Este programa no solo ense\u00f1a habilidades, abre puertas a un futuro lleno de oportunidades y transforma realidades.\" \/>\n<meta name=\"robots\" content=\"index, follow, max-snippet:-1, max-image-preview:large, max-video-preview:-1\" \/>\n<link rel=\"canonical\" href=\"https:\/\/fundaciondones.org\/inicio\/aquabyte\/\" \/>\n<meta property=\"og:locale\" content=\"es_ES\" \/>\n<meta property=\"og:type\" content=\"article\" \/>\n<meta property=\"og:title\" content=\"Aquabyte - Dones de Misericordia\" \/>\n<meta property=\"og:description\" content=\"\ud83d\udcbbEn la Isla de Tierrabomba, ni\u00f1os y j\u00f3venes est\u00e1n dando un salto gigante: aprender programaci\u00f3n e ingl\u00e9s para convertirse en programadores biling\u00fces. Este programa no solo ense\u00f1a habilidades, abre puertas a un futuro lleno de oportunidades y transforma realidades.\" \/>\n<meta property=\"og:url\" content=\"https:\/\/fundaciondones.org\/inicio\/aquabyte\/\" \/>\n<meta property=\"og:site_name\" content=\"Dones de Misericordia\" \/>\n<meta property=\"article:modified_time\" content=\"2025-11-06T02:18:49+00:00\" \/>\n<meta property=\"og:image\" content=\"https:\/\/fundaciondones.org\/wp-content\/uploads\/2025\/09\/aquabyte.png\" \/>\n\t<meta property=\"og:image:width\" content=\"3375\" \/>\n\t<meta property=\"og:image:height\" content=\"3375\" \/>\n\t<meta property=\"og:image:type\" content=\"image\/png\" \/>\n<meta name=\"twitter:card\" content=\"summary_large_image\" \/>\n<meta name=\"twitter:label1\" content=\"Tiempo de lectura\" \/>\n\t<meta name=\"twitter:data1\" content=\"1 minuto\" \/>\n<script type=\"application\/ld+json\" class=\"yoast-schema-graph\">{\"@context\":\"https:\/\/schema.org\",\"@graph\":[{\"@type\":\"WebPage\",\"@id\":\"https:\/\/fundaciondones.org\/inicio\/aquabyte\/\",\"url\":\"https:\/\/fundaciondones.org\/inicio\/aquabyte\/\",\"name\":\"Aquabyte - Dones de Misericordia\",\"isPartOf\":{\"@id\":\"https:\/\/fundaciondones.org\/inicio\/#website\"},\"primaryImageOfPage\":{\"@id\":\"https:\/\/fundaciondones.org\/inicio\/aquabyte\/#primaryimage\"},\"image\":{\"@id\":\"https:\/\/fundaciondones.org\/inicio\/aquabyte\/#primaryimage\"},\"thumbnailUrl\":\"https:\/\/fundaciondones.org\/wp-content\/uploads\/2025\/09\/aquabyte-1024x1024.png\",\"datePublished\":\"2025-09-02T18:27:59+00:00\",\"dateModified\":\"2025-11-06T02:18:49+00:00\",\"description\":\"\ud83d\udcbbEn la Isla de Tierrabomba, ni\u00f1os y j\u00f3venes est\u00e1n dando un salto gigante: aprender programaci\u00f3n e ingl\u00e9s para convertirse en programadores biling\u00fces. Este programa no solo ense\u00f1a habilidades, abre puertas a un futuro lleno de oportunidades y transforma realidades.\",\"breadcrumb\":{\"@id\":\"https:\/\/fundaciondones.org\/inicio\/aquabyte\/#breadcrumb\"},\"inLanguage\":\"es-CO\",\"potentialAction\":[{\"@type\":\"ReadAction\",\"target\":[\"https:\/\/fundaciondones.org\/inicio\/aquabyte\/\"]}]},{\"@type\":\"ImageObject\",\"inLanguage\":\"es-CO\",\"@id\":\"https:\/\/fundaciondones.org\/inicio\/aquabyte\/#primaryimage\",\"url\":\"https:\/\/fundaciondones.org\/wp-content\/uploads\/2025\/09\/aquabyte-1024x1024.png\",\"contentUrl\":\"https:\/\/fundaciondones.org\/wp-content\/uploads\/2025\/09\/aquabyte-1024x1024.png\"},{\"@type\":\"BreadcrumbList\",\"@id\":\"https:\/\/fundaciondones.org\/inicio\/aquabyte\/#breadcrumb\",\"itemListElement\":[{\"@type\":\"ListItem\",\"position\":1,\"name\":\"Home\",\"item\":\"https:\/\/fundaciondones.org\/inicio\/\"},{\"@type\":\"ListItem\",\"position\":2,\"name\":\"Aquabyte\"}]},{\"@type\":\"WebSite\",\"@id\":\"https:\/\/fundaciondones.org\/inicio\/#website\",\"url\":\"https:\/\/fundaciondones.org\/inicio\/\",\"name\":\"Dones de Misericordia\",\"description\":\"Si yo cambio, todo cambia\",\"potentialAction\":[{\"@type\":\"SearchAction\",\"target\":{\"@type\":\"EntryPoint\",\"urlTemplate\":\"https:\/\/fundaciondones.org\/inicio\/?s={search_term_string}\"},\"query-input\":{\"@type\":\"PropertyValueSpecification\",\"valueRequired\":true,\"valueName\":\"search_term_string\"}}],\"inLanguage\":\"es-CO\"}]}<\/script>\n<!-- \/ Yoast SEO plugin. -->","yoast_head_json":{"title":"Aquabyte - Dones de Misericordia","description":"\ud83d\udcbbEn la Isla de Tierrabomba, ni\u00f1os y j\u00f3venes est\u00e1n dando un salto gigante: aprender programaci\u00f3n e ingl\u00e9s para convertirse en programadores biling\u00fces. Este programa no solo ense\u00f1a habilidades, abre puertas a un futuro lleno de oportunidades y transforma realidades.","robots":{"index":"index","follow":"follow","max-snippet":"max-snippet:-1","max-image-preview":"max-image-preview:large","max-video-preview":"max-video-preview:-1"},"canonical":"https:\/\/fundaciondones.org\/inicio\/aquabyte\/","og_locale":"es_ES","og_type":"article","og_title":"Aquabyte - Dones de Misericordia","og_description":"\ud83d\udcbbEn la Isla de Tierrabomba, ni\u00f1os y j\u00f3venes est\u00e1n dando un salto gigante: aprender programaci\u00f3n e ingl\u00e9s para convertirse en programadores biling\u00fces. Este programa no solo ense\u00f1a habilidades, abre puertas a un futuro lleno de oportunidades y transforma realidades.","og_url":"https:\/\/fundaciondones.org\/inicio\/aquabyte\/","og_site_name":"Dones de Misericordia","article_modified_time":"2025-11-06T02:18:49+00:00","og_image":[{"width":3375,"height":3375,"url":"https:\/\/fundaciondones.org\/wp-content\/uploads\/2025\/09\/aquabyte.png","type":"image\/png"}],"twitter_card":"summary_large_image","twitter_misc":{"Tiempo de lectura":"1 minuto"},"schema":{"@context":"https:\/\/schema.org","@graph":[{"@type":"WebPage","@id":"https:\/\/fundaciondones.org\/inicio\/aquabyte\/","url":"https:\/\/fundaciondones.org\/inicio\/aquabyte\/","name":"Aquabyte - Dones de Misericordia","isPartOf":{"@id":"https:\/\/fundaciondones.org\/inicio\/#website"},"primaryImageOfPage":{"@id":"https:\/\/fundaciondones.org\/inicio\/aquabyte\/#primaryimage"},"image":{"@id":"https:\/\/fundaciondones.org\/inicio\/aquabyte\/#primaryimage"},"thumbnailUrl":"https:\/\/fundaciondones.org\/wp-content\/uploads\/2025\/09\/aquabyte-1024x1024.png","datePublished":"2025-09-02T18:27:59+00:00","dateModified":"2025-11-06T02:18:49+00:00","description":"\ud83d\udcbbEn la Isla de Tierrabomba, ni\u00f1os y j\u00f3venes est\u00e1n dando un salto gigante: aprender programaci\u00f3n e ingl\u00e9s para convertirse en programadores biling\u00fces. Este programa no solo ense\u00f1a habilidades, abre puertas a un futuro lleno de oportunidades y transforma realidades.","breadcrumb":{"@id":"https:\/\/fundaciondones.org\/inicio\/aquabyte\/#breadcrumb"},"inLanguage":"es-CO","potentialAction":[{"@type":"ReadAction","target":["https:\/\/fundaciondones.org\/inicio\/aquabyte\/"]}]},{"@type":"ImageObject","inLanguage":"es-CO","@id":"https:\/\/fundaciondones.org\/inicio\/aquabyte\/#primaryimage","url":"https:\/\/fundaciondones.org\/wp-content\/uploads\/2025\/09\/aquabyte-1024x1024.png","contentUrl":"https:\/\/fundaciondones.org\/wp-content\/uploads\/2025\/09\/aquabyte-1024x1024.png"},{"@type":"BreadcrumbList","@id":"https:\/\/fundaciondones.org\/inicio\/aquabyte\/#breadcrumb","itemListElement":[{"@type":"ListItem","position":1,"name":"Home","item":"https:\/\/fundaciondones.org\/inicio\/"},{"@type":"ListItem","position":2,"name":"Aquabyte"}]},{"@type":"WebSite","@id":"https:\/\/fundaciondones.org\/inicio\/#website","url":"https:\/\/fundaciondones.org\/inicio\/","name":"Dones de Misericordia","description":"Si yo cambio, todo cambia","potentialAction":[{"@type":"SearchAction","target":{"@type":"EntryPoint","urlTemplate":"https:\/\/fundaciondones.org\/inicio\/?s={search_term_string}"},"query-input":{"@type":"PropertyValueSpecification","valueRequired":true,"valueName":"search_term_string"}}],"inLanguage":"es-CO"}]}},"_links":{"self":[{"href":"https:\/\/fundaciondones.org\/inicio\/wp-json\/wp\/v2\/pages\/6141","targetHints":{"allow":["GET"]}}],"collection":[{"href":"https:\/\/fundaciondones.org\/inicio\/wp-json\/wp\/v2\/pages"}],"about":[{"href":"https:\/\/fundaciondones.org\/inicio\/wp-json\/wp\/v2\/types\/page"}],"author":[{"embeddable":true,"href":"https:\/\/fundaciondones.org\/inicio\/wp-json\/wp\/v2\/users\/5"}],"replies":[{"embeddable":true,"href":"https:\/\/fundaciondones.org\/inicio\/wp-json\/wp\/v2\/comments?post=6141"}],"version-history":[{"count":58,"href":"https:\/\/fundaciondones.org\/inicio\/wp-json\/wp\/v2\/pages\/6141\/revisions"}],"predecessor-version":[{"id":6284,"href":"https:\/\/fundaciondones.org\/inicio\/wp-json\/wp\/v2\/pages\/6141\/revisions\/6284"}],"wp:attachment":[{"href":"https:\/\/fundaciondones.org\/inicio\/wp-json\/wp\/v2\/media?parent=6141"}],"curies":[{"name":"wp","href":"https:\/\/api.w.org\/{rel}","templated":true}]}}